e thousands digit of 7200?
7
What is the hundreds digit of 32542?
5
What is the hundreds digit of 2519?
5
What is the units digit of 5999?
9
What is the thousands digit of 5657?
5
What is the tens digit of 18238?
3
What is the units digit of 54?
4
What is the hundreds digit of 4016?
0
What is the thousands digit of 41036?
1
What is the units digit of 3129?
9
What is the tens digit of 841?
4
What is the ten thousands digit of 22594?
2
What is the hundreds digit of 11509?
5
What is the tens digit of 1105?
0
What is the thousands digit of 72918?
2
What is the hundreds digit of 33555?
5
What is the ten thousands digit of 82833?
8
What is the units digit of 2197?
7
What is the units digit of 928?
8
What is the units digit of 5959?
9
What is the thousands digit of 12635?
2
What is the tens digit of 919?
1
What is the thousands digit of 2914?
2
What is the hundreds digit of 27891?
8
What is the thousands digit of 75299?
5
What is the units digit of 855?
5
What is the units digit of 21?
1
What is the units digit of 144420?
0
What is the tens digit of 18283?
8
What is the units digit of 587?
7
What is the hundreds digit of 3305?
3
What is the units digit of 9925?
5
What is the units digit of 1632?
2
What is the ten thousands digit of 61762?
6
What is the tens digit of 97583?
8
What is the hundreds digit of 55892?
8
What is the units digit of 1763?
3
What is the tens digit of 5163?
6
What is the units digit of 1743?
3
What is the thousands digit of 92314?
2
What is the hundreds digit of 5590?
5
What is the tens digit of 12101?
0
What is the tens digit of 11840?
4
What is the units digit of 19?
9
What is the hundreds digit of 5008?
0
What is the tens digit of 3000?
0
What is the thousands digit of 132941?
2
What is the tens digit of 1691?
9
What is the units digit of 3586?
6
What is the tens digit of 26756?
5
What is the units digit of 4049?
9
What is the thousands digit of 9053?
9
What is the hundreds digit of 5698?
6
What is the units digit of 1621?
1
What is the tens digit of 1944?
4
What is the hundreds digit of 958?
9
What is the tens digit of 26408?
0
What is the thousands digit of 1027?
1
What is the tens digit of 50391?
9
What is the tens digit of 4199?
9
What is the hundreds digit of 139723?
7
What is the tens digit of 1660?
6
What is the tens digit of 2781?
8
What is the ten thousands digit of 27796?
2
What is the hundreds digit of 9597?
5
What is the thousands digit of 22289?
2
What is the hundreds digit of 9449?
4
What is the hundreds digit of 592?
5
What is the thousands digit of 15564?
5
What is the hundreds digit of 1721?
7
What is the thousands digit of 3598?
3
What is the thousands digit of 54377?
4
What is the tens digit of 967?
6
What is the tens digit of 1086?
8
What is the ten thousands digit of 124164?
2
What is the thousands digit of 12351?
2
What is the tens digit of 131180?
8
What is the units digit of 12263?
3
What is the thousands digit of 10535?
0
What is the hundreds digit of 3018?
0
What is the units digit of 84697?
7
What is the tens digit of 11246?
4
What is the hundreds digit of 786?
7
What is the ten thousands digit of 70820?
7
What is the units digit of 1237?
7
What is the tens digit of 93098?
9
What is the ten thousands digit of 146745?
4
What is the units digit of 11705?
5
What is the ten thousands digit of 93697?
9
What is the units digit of 413?
3
What is the ten thousands digit of 11450?
1
What is the units digit of 2049?
9
What is the units digit of 103409?
9
What is the units digit of 754?
4
What is the hundreds digit of 790?
7
What is the ten thousands digit of 55830?
5
What is the tens digit of 3674?
7
What is the tens digit of 285?
8
What is the units digit of 3248?
8
What is the units digit of 1?
1
What is the tens digit of 7641?
4
What is the hundreds digit of 150282?
2
What is the hundreds digit of 8413?
4
What is the hundreds digit of 490?
4
What is the units digit of 436?
6
What is the hundreds digit of 11418?
4
What is the thousands digit of 1159?
1
What is the hundreds digit of 434?
4
What is the tens digit of 13622?
2
What is the thousands digit of 81334?
1
What is the units digit of 748?
8
What is the tens digit of 81?
8
What is the tens digit of 3830?
3
What is the hundreds digit of 204?
2
What is the units digit of 821?
1
What is the hundreds digit of 2315?
3
What is the hundreds digit of 76544?
5
What is the units digit of 409?
9
What is the thousands digit of 2580?
2
What is the ten thousands digit of 25779?
2
What is the tens digit of 294?
9
What is the tens digit of 70028?
2
What is the tens digit of 2651?
5
What is the thousands digit of 27095?
7
What is the tens digit of 1173?
7
What is the thousands digit of 102730?
2
What is the tens digit of 3660?
6
What is the units digit of 9717?
7
What is the hundreds digit of 4116?
1
What is the thousands digit of 28539?
8
What is the hundreds digit of 705?
7
What is the ten thousands digit of 21128?
2
What is the thousands digit of 15532?
5
What is the units digit of 60295?
5
What is the units digit of 885?
5
What is the hundreds digit of 3884?
8
What is the tens digit of 5515?
1
What is the units digit of 16303?
3
What is the ten thousands digit of 28825?
2
What is the units digit of 1322?
2
What is the units digit of 25811?
1
What is the tens digit of 88639?
3
What is the hundreds digit of 334?
3
What is the tens digit of 698?
9
What is the tens digit of 940?
4
What is the tens digit of 910?
1
What is the hundreds digit of 13153?
1
What is the units digit of 702?
2
What is the tens digit of 6179?
7
What is the hundreds digit of 5848?
8
What is the thousands digit of 17856?
7
What is the tens digit of 4376?
7
What is the thousands digit of 17103?
7
What is the hundreds digit of 15240?
2
What is the units digit of 1997?
7
What is the tens digit of 101518?
1
What is the tens digit of 1324?
2
What is the units digit of 1536?
6
What is the hundreds digit of 10082?
0
What is the thousands digit of 1240?
1
What is the hundreds digit of 407?
4
What is the hundred thousands digit of 146841?
1
What is the thousands digit of 3467?
3
What is the thousands digit of 5510?
5
What is the hundreds digit of 1094?
0
What is the units digit of 1349?
9
What is the tens digit of 7277?
7
What is the units digit of 10207?
7
What is the tens digit of 1931?
3
What is the tens digit of 1578?
7
What is the tens digit of 78375?
7
What is the units digit of 17?
7
What is the units digit of 3898?
8
What is the units digit of 3505?
5
What is the units digit of 62967?
7
What is the ten thousands digit of 54064?
5
What is the units digit of 1130?
0
What is the tens digit of 35859?
5
What is the tens digit of 27540?
4
What is the thousands digit of 40485?
0
What is the tens digit of 6325?
2
What is the thousands digit of 4523?
4
What is the units digit of 3612?
2
What is the thousands digit of 1284?
1
What is the hundreds digit of 3558?
5
What is the ten thousands digit of 33088?
3
What is the units digit of 158?
8
What is the thousands digit of 55203?
5
What is the thousands digit of 5348?
5
What is the units digit of 5051?
1
What is the hundreds digit of 36842?
8
What is the ten thousands digit of 41809?
4
What is the tens digit of 3571?
7
What is the units digit of 31?
1
What is the tens digit of 685?
8
What is the tens digit of 35315?
1
What is the ten thousands digit of 12678?
1
What is the hundreds digit of 229?
2
What is the units digit of 66726?
6
What is the tens digit of 688?
8
What is the hundreds digit of 36499?
4
What is the units digit of 18170?
0
What is the tens digit of 1072?
7
What is the hundreds digit of 2392?
3
What is the thousands digit of 1800?
1
What is the tens digit of 536?
3
What is the hundreds digit of 2899?
8
What is the hundreds digit of 19084?
0
What is the thousands digit of 9004?
9
What is the hundreds digit of 3510?
5
What is the thousands digit of 2722?
2
What is the units digit of 1014?
4
What is the tens digit of 12002?
0
What is the thousands digit of 19445?
9
What is the ten thousands digit of 14929?
1
What is the units digit of 4683?
3
What is the hundreds digit of 581?
5
What is the tens digit of 5934?
3
What is the units digit of 2675?
5
What is the hundreds digit of 38484?
4
What is the hundreds digit of 97510?
5
What is the ten thousa